ose 4*j - 5*r = 2*j - 33, 0 = j + 3*r - u. Let i(p) = p**3 + 6*p**2 + 5*p + 3. Calculate the remainder when 29 is divided by i(j).
14
Let n = 10 - -361. Calculate the remainder when n is divided by 12.
11
Suppose -4*c + 6*c - 2 = 0. Calculate the remainder when 44 is divided by c/(-2) - ((-266)/4)/7.
8
Let v = 47 - 16. Let y = -59 - -181. Calculate the remainder when y is divided by v.
29
Let c = 106 - 35. Let u = -375 + 393. What is the remainder when (c/1)/(2 - 1) is divided by u?
17
Let j(d) = d**3 + 2*d**2 - 4*d + 3. What is the remainder when 147/(-343)*(-7)/2*2*17 is divided by j(2)?
7
Let t = -11 + 19. Let f be (9/(-15))/(6/30). Let w = f - -49. What is the remainder when w is divided by t?
6
Let c(t) = t**2 - 20*t + 16. Let m be c(19). Let z(q) = 2*q**2 - 2*q - 3. Let o = -94 - -175. Calculate the remainder when o is divided by z(m).
18
Suppose -u + 93 = 53. Suppose u = 2*b - i + 3, 0 = -2*b + 3*i + 47. What is the remainder when b is divided by 9?
7
Let v(c) = -c**2 + 17*c - 27. Let w be v(10). Let r = w + -7. What is the remainder when 178 is divided by r?
34
Let h(t) = -4*t**2 - 61*t - 14. Calculate the remainder when h(-12) is divided by 18.
16
Let m be 22266/8 - 19/76. What is the remainder when (-16)/72 - m/(-9) is divided by 62?
61
Suppose 28 = 12*x - 10*x. Let c = -7 - -3. Calculate the remainder when 2/(c/5)*-22 is divided by x.
13
Let a = 714 - 609. What is the remainder when a is divided by 10?
5
Let g = 90 - 70. Suppose g = -11*u + 394. What is the remainder when 167 is divided by u?
31
Let n = -186 + 193. Calculate the remainder when 39 is divided by n.
4
What is the remainder when ((-14)/8)/((-25)/1200) is divided by 37?
10
Let k = -6 - -28. Suppose -415 = -5*t + 5*u, -1 = -2*u + 7. Calculate the remainder when t is divided by k.
21
Suppose 0 = 4*u + 5*k - 86, -k + 9 = u - 12. Let j(o) = o**3 - 2*o**2 - 4*o + 4. Let f be j(3). What is the remainder when 1*f*54*1 is divided by u?
16
Suppose -4*k + 6*k = 8. Suppose k*t - 191 = -63. Calculate the remainder when t is divided by 11.
10
Let g = -12 + 12. Suppose g = 5*v - 7 + 37. Let q(c) = -c**3 - 6*c**2 - 3*c - 4. What is the remainder when q(v) is divided by 5?
4
Let k(h) = h**3 - 16*h**2 - 8*h - 59. What is the remainder when k(17) is divided by 12?
10
What is the remainder when (-42120)/(-495) + (-2)/22*1 is divided by 14?
1
What is the remainder when 50 is divided by 7/(-28) + -2 + (-630)/(-24)?
2
Let l be 17 - (-5 - (-6 - -2)). Suppose 5*j = 2*j - r + 29, -j - 2*r + l = 0. Suppose j*x - 160 = 4*x. Calculate the remainder when x is divided by 6.
4
Let w = 1902 + -1714. Calculate the remainder when w is divided by 25.
13
Let b be (-1)/((-1)/17)*(7 + -1). Let r = b - 71. What is the remainder when r is divided by 9?
4
Let a(m) = -2*m**3 - 11*m**2 - 4*m + 2. Let i(u) = -2*u**3 - 11*u**2 - 4*u + 2. Let k(x) = 6*a(x) - 7*i(x). What is the remainder when k(-5) is divided by 3?
0
Calculate the remainder when 2/(-9)*(-2385)/(-30)*-6 is divided by 54.
52
Suppose 83 = t + 5*n, 4*n + 65 = -3*t + 4*t. What is the remainder when 78 is divided by t?
5
Suppose -26 = -3*w - 4*o - 6, 4*w + 4*o - 20 = 0. What is the remainder when 16 is divided by 9 + -1 - 3 - w?
1
Calculate the remainder when 5208/33 - (16/(-11))/8 is divided by 53.
52
Suppose -o + 5*t = 2*t - 4, t = 5*o + 8. Let j = 4 + o. What is the remainder when ((-2)/6)/(j/(-156)) is divided by 9?
8
Suppose 3*f - 2*z = 72 + 111, 2*f + 5*z = 122. Calculate the remainder when 303 is divided by f.
59
Let v = -24 - -27. Suppose -t + 36 = v*t. Suppose 0 = 4*o + 5*b - 67, 3*o - 4*b = t + 18. What is the remainder when o is divided by 4?
1
Let r(a) = -20*a**3 + a**2. Let p = -30 + 29. What is the remainder when 61 is divided by r(p)?
19
Suppose -29*v + 1276 = -7*v. What is the remainder when v is divided by 16?
10
Suppose i - 3*w = w + 12, -3*i + 57 = -5*w. Let l = 31 - i. What is the remainder when 25 is divided by l?
4
Suppose 4*b = b. Suppose -2*a = -3*r + 19, b = -2*r - 6*a + 5*a + 15. Calculate the remainder when 11 is divided by r.
4
Suppose 11*n - 825 - 198 = 0. What is the remainder when n is divided by 35?
23
Let c(r) = -r**3 + 33*r**2 - 30*r - 57. Calculate the remainder when 87 is divided by c(32).
3
Let b be 0 + -4 + (-9 - 52). Let c = 72 + b. What is the remainder when 61 is divided by c?
5
Suppose 5*n + 4*p = 3*p + 835, -2*n + 5*p + 361 = 0. What is the remainder when n is divided by 52?
12
Let p(y) = -y**3 - 2. Let m be p(0). Suppose 0 = 86*l - 152 - 450. What is the remainder when 214/8 - m/8 is divided by l?
6
Calculate the remainder when 75/(-4)*((-15)/(-5) - 7) is divided by 19 - (-1)/4*0.
18
Suppose 2*d = 6*d - 32. Let i be 18/1*(6 - 2). Let n = i - 42. Calculate the remainder when n is divided by d.
6
Suppose 2*k + 7*q = 4*q - 4, 0 = 2*k - 4*q + 18. Let g(r) = r**3 + 5*r**2 - 9*r - 38. Let n = 12 - -7. What is the remainder when n is divided by g(k)?
5
Let z(d) = -d + 1. Let j be z(1). Suppose 138 = 3*r - x + 36, -2*r - 4*x + 54 = j. What is the remainder when r is divided by 27?
6
Let g be (-1 + 142)*(-1)/(-3). What is the remainder when (g/(-2))/((-7)/14) is divided by 10?
7
Let j = 5 + -3. Suppose -r = -3*v + 47, -2*v - 3*r + 47 = 12. Calculate the remainder when v/24 + (-13)/(-3) is divided by j.
1
Let m(j) = 11*j**2 - 2*j - 1. Calculate the remainder when (-4)/(-3*(-7)/(-231)) is divided by m(-1).
8
Suppose 0 = 5*x, p - 112 + 4 = 3*x. Calculate the remainder when p is divided by 97.
11
Let r = 267 + -243. What is the remainder when 63 is divided by r?
15
Suppose -31 = -i - 11. Let q = 72 - 15. Calculate the remainder when q is divided by i.
17
Let z = 87 - 84. Suppose -v - 4*k + 25 = 0, -3*v + z = -2*k - 2. Calculate the remainder when v is divided by 3.
2
Suppose -4*l - 14637 = -45*l. Calculate the remainder when l is divided by 9.
6
Suppose 3*z = -b + 13, -b + 7 + 12 = 4*z. Let f(o) = o + 12. Let r be f(-5). Suppose 0 = -4*c + r*c - 66. Calculate the remainder when c is divided by z.
4
Suppose 5*q - 4*f = 37, 3*f = q + 5*f + 1. Calculate the remainder when q is divided by 5.
0
Suppose -t + 5 = j + 2, 2*j + 5*t - 9 = 0. Suppose -3*h - j*n = -329, h - 2*h = 4*n - 113. What is the remainder when h is divided by 14?
11
Suppose -q + 0*q = 2*i - 21, q = 3. What is the remainder when 6 is divided by 3*(24/i)/8?
0
Let o be (-182)/(-52)*(-56)/(-2). Let s = -60 + o. What is the remainder when 111 is divided by s?
35
Let o = -49 + 56. Calculate the remainder when 45 is divided by (2/o)/(25/35)*30.
9
Let u(t) = -t + 8. Let d be u(6). Let n = 79 + d. Let f(m) = 5*m**2 + 1. What is the remainder when n is divided by f(-2)?
18
Let f(c) = 0*c**2 + 2*c - c - 2*c + c**2 - 9. What is the remainder when f(-14) is divided by 34?
31
Let x = 303 + -297. What is the remainder when 89 is divided by x?
5
What is the remainder when 45 is divided by (-2*6/6 + 1)*-13?
6
Let w(i) be the first derivative of 25*i**4/4 + i**2/2 - i - 11. Calculate the remainder when w(1) is divided by 3.
1
Let u(o) = o**2 - 7*o + 25. Suppose -4*b + 0*f - 5*f = -43, f = 4*b - 25. What is the remainder when 173 is divided by u(b)?
23
Suppose -2*w - 3*t + 88 = 0, -t + 6*t = 5*w - 270. Let d = -16 - -19. Suppose 2*z - d*z + 17 = 0. What is the remainder when w is divided by z?
16
Let h = -3622 + 3637. Let v(t) = -43*t - 1. Calculate the remainder when v(-1) is divided by h.
12
Let t = 22 + -22. Suppose -8*c + 10*c - 150 = t. What is the remainder when c is divided by 26?
23
Suppose -13*n = -12*n. Let x(s) = -s**3 + s**2 - s - 9. Let q be x(n). Let z(j) = j**2 + 7*j + 1. Calculate the remainder when z(q) is divided by 10.
9
Suppose 344 = 3*n + 944. Let s = n - -89. Let w = -57 - s. What is the remainder when w is divided by 19?
16
Suppose 44 = q + 4*l - 527, 4*l = -4*q + 2236. What is the remainder when q is divided by 40?
35
Let r(o) = 6*o - 50. What is the remainder when r(36) is divided by 21?
19
Suppose 5*b = 4*f + 75, 4*b - 2*f = 44 + 16. Let m = -417 - -460. Calculate the remainder when m is divided by b.
13
Let h(p) = -33*p**2 + 3*p - 2. Let k be h(1). Let b = k - -87. What is the remainder when b is divided by 19?
17
Let q be (-1)/(-4)*4 - -27. Suppose -4*r = -q - 144. Let m(n) = -n**2 + 10*n - 13. What is the remainder when r is divided by m(6)?
10
Sup